e?
False
Suppose 12*z = 69128 + 30604. Is z composite?
False
Suppose 0 = -j - 4*j + 40. Is (-2)/(j/(-1004) - 0) a composite number?
False
Suppose -p + 3*u + 2 = -0, -2*p = -5*u - 4. Let q(y) = -y**2 + 5*y + 0*y**p - 1 + y. Is q(4) a composite number?
False
Is (-32805)/(-75) + 4/(-10) composite?
True
Is (-2 + 33)/(2/6) a prime number?
False
Let d(m) = -78*m**3 + 2*m**2 + m + 1. Is d(-2) a prime number?
True
Let y(n) be the third derivative of 0 - 1/6*n**4 + 1/2*n**3 + 0*n + n**2. Is y(-3) composite?
True
Suppose -f = -4*c + f + 26, -3*c = -5*f - 37. Let n(b) = 3*b**2 + 5. Is n(c) a prime number?
True
Suppose 24 = 2*j - w - 3*w, 14 = -3*j - 4*w. Suppose j*b - 12 = -s, 0 = -3*b + 5*s + 23 + 8. Let k = b + 0. Is k prime?
True
Let s(b) = b + 11. Is s(-4) a prime number?
True
Let k(g) = -2*g + 3. Let n be k(3). Let m be (-4 - n)/(2/(-4)). Suppose -2*o + 11 + 15 = q, -m*q = 0. Is o a prime number?
True
Suppose -2*s + 0*s - 10 = 0, 0 = -3*m + 3*s + 9. Let c be -2 + (106 - (-6)/m). Let v = 184 - c. Is v a prime number?
True
Let l(y) = -2*y**3 + 0*y**3 - 2*y + 7 - 8*y**2 + 4*y**2. Is l(-6) a prime number?
True
Let h = 1605 - 836. Is h a prime number?
True
Suppose -6134 = -2*h + 5*n, 5*n - 9251 = -0*h - 3*h. Is h composite?
True
Is (-11)/((-27)/13 - -2) a prime number?
False
Is 52504/104 + (-2)/(-13) prime?
False
Suppose -x + 3*t - 11 = t, 4*x + 70 = -5*t. Let b be (-10)/4*12/x. Suppose b*y - 7*y = -445. Is y prime?
True
Is (-1 + -187 + -3)/(-1) a composite number?
False
Is (-2)/(-4)*1*68 a prime number?
False
Let s(y) = -4*y + 9. Suppose m + 5 = 0, 0 = -5*n + 2*m + 2*m + 35. Suppose 2*h + 29 = -n*r, 5*h = 2*r - 0*h - 6. Is s(r) a prime number?
True
Suppose t = -0*t + 5. Suppose -5*z + 20 + 136 = -3*b, 0 = -t*b - 10. Is 28/(-6)*z/(-4) prime?
False
Suppose -2*g = -3*g. Suppose -y - 64 = -2*y - 5*b, g = -4*y + 2*b + 366. Is y a prime number?
True
Suppose -5*f = -3*p + 1, -2*p + 3*f - f + 2 = 0. Suppose 2*m - 6 = -p, -n + 3*m = 4. Suppose 0 = -k, j + n*k - 37 - 42 = 0. Is j a composite number?
False
Suppose -201 = -v - 2*v. Suppose 4*l + 17 = -v. Is (4/6)/((-2)/l) a composite number?
False
Suppose 3*r + 258 = w - 101, -w + 355 = -r. Is w prime?
True
Let h be ((-6426)/3)/2 - -3. Let d = 1889 + h. Is d composite?
False
Let g be 5/2*(-4 + 6). Suppose -3*h - 708 = -g*d, 0*h - 142 = -d + h. Is d a composite number?
True
Let j be 4224/3 + (2 - 1). Suppose d - 3*u = -4*u + 350, -4*d = u - j. Is d a prime number?
True
Let d(t) = -2*t**3 - 3*t**2 + 11*t - 7. Is d(-6) prime?
True
Let w(f) = 8*f + 5*f**2 - 20*f - 3*f**2 + 1. Is w(8) composite?
True
Let o be (-3)/(-6)*(0 - 2). Let b(d) = d**2 + 6*d - 1. Let v be b(-6). Is 42/(v - 2)*o composite?
True
Let c = 964 + -315. Is c prime?
False
Let o = 13 + -15. Let t(d) = -5*d**3 - d**2 + 2*d - 1. Is t(o) composite?
False
Is 130/(-40)*1*-4 composite?
False
Suppose 4*y = -5*u + 725, -191 = -u - 2*y - 46. Is u a composite number?
True
Let i(x) = -x - 9. Let w be i(-6). Is -11*(w + -18)/3 a prime number?
False
Is ((-7)/(-1))/(4/332) prime?
False
Let s(x) = 3*x**2 + 3*x - 52. Is s(-7) composite?
True
Suppose 0 = 3*o - 8*o + 70. Let x = o - 33. Let s = 14 - x. Is s prime?
False
Is (-3 + 1)*758/(-4) prime?
True
Let l = 10 - 6. Suppose 3*m = l*a - 9*a + 557, -5*m + 20 = 0. Is a a prime number?
True
Let w be -177 - (0/(-3))/(-2). Let q = w + 494. Is q prime?
True
Let t(f) = 4*f**2 + 1. Suppose -3*m + 21 = 3*s, -4*s + 40 = 5*m + 8. Is t(s) a composite number?
False
Let o(c) = -2*c**3 - 2*c**2 - 4*c - 7. Is o(-6) a prime number?
False
Suppose -98 = -4*t + 2*t. Let f = t - 12. Is f a composite number?
False
Let d be (-1)/3 - 91/(-21). Let x(v) = 15*v - 1. Is x(d) prime?
True
Let i(r) = r**3 + 7*r**2 - 2*r - 8. Let p be i(-7). Suppose -s + p*s - 4385 = 0. Is s composite?
False
Suppose 0 = 5*n + 15, 4*w + 3*n - 311 - 244 = 0. Is w a prime number?
False
Suppose 4*i = -i + 25. Is 12/(-30) - (-472)/i a prime number?
False
Suppose -c + 206 = -0*c. Suppose -350 = -4*k + c. Let n = k + 22. Is n a prime number?
False
Let x(d) be the second derivative of -d**4/12 + 2*d**3/3 + d**2 + 3*d. Let k be x(3). Suppose 285 = -0*b + k*b. Is b a composite number?
True
Let n = 275 - 172. Is n a prime number?
True
Let d be 0 + 1 - (-5 - -3). Suppose -j = d*j - 12. Is j composite?
False
Is 3 + 2/(-1) + 73 composite?
True
Suppose 16 = 4*g + 4*y - 0*y, 3*g - y = -4. Suppose g = a - 3 - 19. Is a composite?
True
Let k(q) = -q. Let u be k(-6). Suppose -2*b + 4*y = -u*b, 0 = 3*b + 2*y - 2. Suppose 3*w = m + b*m - 267, -5*m + 3*w + 445 = 0. Is m a composite number?
False
Is ((-116)/5)/(4/(-10)) a prime number?
False
Let o = 1 + 6. Suppose -2*h = -o + 3. Suppose 99 = 3*p - 2*t, -p - t - 32 = -h*p. Is p a prime number?
False
Let q(h) = h + 11. Let v be q(-11). Suppose v = 5*u - 522 - 8. Is u a composite number?
True
Let w = -3 - -1. Let h be 1/w + 18/12. Suppose 5*p = h + 229. Is p prime?
False
Let w(f) = -14*f - 1. Let k be w(-1). Let m = k - 9. Suppose 2*b - 60 = -m*x, -4*x = -0*x - 5*b - 46. Is x composite?
True
Let u be 311 - (4 - 5 - -4). Let x be (-307)/(-2) - 2/(-4). Suppose -4*j = 4*r - u, -2*j - 2*r + 5*r = -x. Is j prime?
False
Let p be (-6)/(-2) + 2503 + 6. Is (p/40)/((-2)/(-10)) prime?
False
Let m(j) = 19*j**3 - 2*j**2 + 2*j + 1. Is m(2) a prime number?
True
Let x = -3204 - -4489. Is x composite?
True
Let c be 3/(-9)*(-51)/(-1). Let i = 136 + c. Is i a composite number?
True
Let k = 48 - 25. Suppose -b = -0*d - 2*d - k, 4*b - 5*d = 80. Suppose -2*s = 2*t - 53 - b, t = s - 44. Is s a prime number?
False
Let o = -5 + 10. Suppose g - 5*u - 48 = 0, -292 = -o*g + u - 2*u. Is g a composite number?
True
Is (-6)/(-18) - (-1226)/3 composite?
False
Suppose d - 7*d = -222. Is d a prime number?
True
Let f = -980 - -2151. Is f a prime number?
True
Let o(u) be the first derivative of -7/3*u**3 - 5*u + 1/4*u**4 + 9/2*u**2 + 1. Is o(6) a prime number?
True
Let o(k) = 5*k**2 - k - 3. Is o(-6) composite?
True
Let z be 1 + 1 + (0 - -5). Let k be z - 1*1/(-1). Is (k/(-4))/((-2)/67) a prime number?
True
Suppose 4*j + j - 900 = 3*m, -4*m - 374 = -2*j. Is j composite?
True
Let j(m) = 2*m**2 - m. Let y = -2 + 3. Let n be (y/2)/(-1)*2. Is j(n) a composite number?
False
Let d be (28/3)/((-2)/57). Let n = d + 169. Is -2 - -4 - (2 + n) a prime number?
True
Let j = 852 - 173. Is j prime?
False
Let h(d) = d**3 - d**2 - d + 16. Let n be h(0). Suppose 4*g = g - 2*w + 20, n = 3*g + w. Suppose 15 = g*k + k. Is k a composite number?
False
Let v(b) = -2*b - 11. Let j be v(-8). Suppose -j*w + 495 = -140. Is w composite?
False
Let m(a) = -11*a**3 + 2*a**2 - a - 1. Is m(-2) prime?
True
Suppose -5*a + 17268 = -3*r, a + 6905 = 3*a + r. Is a composite?
True
Let u be (10 - 8)*6/4. Suppose 4*l - 121 = 3*d, 4*l - u*l = -5*d + 59. Is l composite?
True
Let j(i) = i**3 + 6*i**2 + 4*i. Let o be j(-5). Suppose -1 = p - o. Suppose 40 - 124 = -p*w. Is w composite?
True
Let x = -2 - -5. Suppose x*l - l - 586 = 0. Is l a composite number?
False
Let v(a) = -2*a. Let q be v(-2). Suppose 2*p + 52 = 2*h, -q*h = p - 47 - 42. Is h a composite number?
False
Suppose -22713 = -56*a + 53*a. Is a a prime number?
False
Let k = -34 + 413. Is k prime?
True
Suppose 0 = 9*m - 13*m + 584. Is m a prime number?
False
Let f be 5*2*(-1)/2. Let h(l) be the second derivative of l**4/6 + 7*l**3/6 - l**2/2 - 4*l. Is h(f) a prime number?
False
Let z(s) = -s**2 - 10*s - 12. Let b be z(-8). Suppose -5*h + 11 + 5 = 2*q, 0 = -4*h. Suppose 0 = b*d - 4 - q. Is d a composite number?
False
Let c be (-3)/((-3)/(-1)) - 4. Let t = 16 + c. Is t a composite number?
False
Let w(n) = -301*n + 12. Is w(-11) prime?
True
Suppose -101*t - 3148 = -105*t. Is t composite?
False
Is (-29180)/(-60) + 8/(-6) a prime number?
False
Let s(c) = 0 + 5*c - 2 - 6*c. Let k be s(-4). Let r(h) = 16*h**2 - 2*h - 1. Is r(k) a composite number?
False
Suppose -u - u = -244. Is u a prime number?
False
Suppose 5*y = 20 - 0. Suppose 0 = 2*x - 3*q - 13, x - 3*q + 2*q = 5. Suppose -y*d + 140 = -x*w, 119 = 3*d - 0*w - 5*w. Is d a prime number?
False
Let a(z) = -z**3 - 6*z**2 + 5*z - 9. Let g be a(-7). Suppose y - g*y + 212 = 0. Is y a composite number?
False
Let h(b) = -b**3 + 5*b**2 - 3*b - 5. Let f be h(4). Let u = 3 - f. Suppose 71 = u*k - 21. Is k composite?
False
Let b 